{"id":17,"date":"2023-09-30T16:44:16","date_gmt":"2023-09-30T16:44:16","guid":{"rendered":"https:\/\/sbibsecurite.com\/?page_id=17"},"modified":"2025-10-16T12:13:37","modified_gmt":"2025-10-16T12:13:37","slug":"contact","status":"publish","type":"page","link":"https:\/\/sbibsecurite.com\/index.php\/contact\/","title":{"rendered":"Contacts"},"content":{"rendered":"\n<h2 class=\"wp-block-heading has-text-align-center has-text-color has-link-color has-normal-font-size wp-elements-5fa92e149304ba9f86d35c83c10e7a79\" style=\"color:#0000d0\">CONTACTEZ-NOUS<\/h2>\n\n\n\n<h2 class=\"wp-block-heading has-text-align-center has-primary-color has-text-color has-link-color has-small-font-size wp-elements-54340d1fafd245fb14d6c122cc5aa1cf\" style=\"font-style:normal;font-weight:300\">Adresse : Nongo, Commune de Ratoma, Conakry Republique                <\/h2>\n\n\n\n<h2 class=\"wp-block-heading has-text-align-center has-primary-color has-text-color has-link-color has-normal-font-size wp-elements-d762a12964518baed22b73ff9b15cba1\" style=\"font-style:normal;font-weight:300\">T\u00e9l : +224 627 04 23 04<\/h2>\n\n\n\n<h2 class=\"wp-block-heading has-text-align-center has-primary-color has-text-color has-link-color has-small-font-size wp-elements-86a91a871289d5ec3fd7ae6551546980\" style=\"font-style:normal;font-weight:300\">Email : sbibcontacts@gmail.com<\/h2>\n\n\n\n<h2 class=\"wp-block-heading has-text-align-center has-normal-font-size\" style=\"font-style:normal;font-weight:300\"> contacts@sbibsecurite.com<\/h2>\n\n\n\n<figure class=\"wp-block-image size-large\"><img loading=\"lazy\" decoding=\"async\" width=\"1024\" height=\"460\" src=\"https:\/\/sbibsecurite.com\/wp-content\/uploads\/2025\/10\/WhatsApp-Image-2024-06-22-at-19.04.12_8cda7f80-1024x460.jpg\" alt=\"\" class=\"wp-image-550\" srcset=\"https:\/\/sbibsecurite.com\/wp-content\/uploads\/2025\/10\/WhatsApp-Image-2024-06-22-at-19.04.12_8cda7f80-1024x460.jpg 1024w, https:\/\/sbibsecurite.com\/wp-content\/uploads\/2025\/10\/WhatsApp-Image-2024-06-22-at-19.04.12_8cda7f80-300x135.jpg 300w, https:\/\/sbibsecurite.com\/wp-content\/uploads\/2025\/10\/WhatsApp-Image-2024-06-22-at-19.04.12_8cda7f80-768x345.jpg 768w, https:\/\/sbibsecurite.com\/wp-content\/uploads\/2025\/10\/WhatsApp-Image-2024-06-22-at-19.04.12_8cda7f80.jpg 1080w\" sizes=\"auto, (max-width: 1024px) 100vw, 1024px\" \/><\/figure>\n\n\n\n<h2 class=\"wp-block-heading has-primary-color has-text-color has-link-color has-small-font-size wp-elements-154c0fb5775e64495bd16b49d35cf2ce\">Nos solutions s\u2019adaptent \u00e0 vos besoins sp\u00e9cifiques, qu\u2019il s\u2019agisse de surveillance, de contr\u00f4le d\u2019acc\u00e8s ou de protection rapproch\u00e9e. Avec SBIB, vous b\u00e9n\u00e9ficiez d\u2019un service rigoureux, discret et orient\u00e9 r\u00e9sultats.<\/h2>\n\n\n\n<p class=\"has-primary-color has-text-color has-link-color has-small-font-size wp-elements-0dcf785fcf2673dba6fd301c3497fdbd\"><\/p>\n\n\n\n<h2 class=\"wp-block-heading has-text-align-center has-text-color has-link-color has-normal-font-size wp-elements-b41798dc03b434ea658689a9aba52a12\" style=\"color:#0000b5\">L\u2019EXCELLENCE OP\u00c9RATIONNELLE AU SERVICE DE VOTRE TRANQUILLIT\u00c9<\/h2>\n\n\n<figure><img decoding=\"async\" src=\"https:\/\/sbibsecurite.com\/wp-content\/uploads\/2023\/10\/FB_IMG_1696533561371.jpg\" alt=\"\" \/><\/figure>\n\t<div class=\"awsm-job-wrap\">\n\n\t\t\n\t\t<div class=\"awsm-job-listings awsm-lists\" data-listings=\"10\">\n\t\t\t\t\t<div class=\"awsm-job-listing-item awsm-list-item\" id=\"awsm-list-item-297\">\t\t<div class=\"awsm-job-item\">\t\t\t<div class=\"awsm-list-left-col\">\n\t\t\t\t\n\t\t\t\t\n\t\t\t\t<h2 class=\"awsm-job-post-title\">\n\t\t\t\t\t<a href=\"https:\/\/sbibsecurite.com\/index.php\/jobs\/postuler\/\">Postuler<\/a>\t\t\t\t<\/h2>\n\n\t\t\t\t\t\t\t<\/div>\n\n\t\t\t<div class=\"awsm-list-right-col\">\n\t\t\t\t<div class=\"awsm-job-more-container\"><a class=\"awsm-job-more\" href=\"https:\/\/sbibsecurite.com\/index.php\/jobs\/postuler\/\">More Details <span><\/span><\/a><\/div>\t\t\t<\/div>\n\t\t<\/div>\t<\/div>\t\t\t\t<\/div>\n\t<\/div>\n\n\n\n<figure class=\"wp-block-image size-large\"><img loading=\"lazy\" decoding=\"async\" width=\"1024\" height=\"561\" src=\"https:\/\/sbibsecurite.com\/wp-content\/uploads\/2025\/10\/map-1024x561.jpg\" alt=\"\" class=\"wp-image-596\" srcset=\"https:\/\/sbibsecurite.com\/wp-content\/uploads\/2025\/10\/map-1024x561.jpg 1024w, https:\/\/sbibsecurite.com\/wp-content\/uploads\/2025\/10\/map-300x164.jpg 300w, https:\/\/sbibsecurite.com\/wp-content\/uploads\/2025\/10\/map-768x420.jpg 768w, https:\/\/sbibsecurite.com\/wp-content\/uploads\/2025\/10\/map-1536x841.jpg 1536w, https:\/\/sbibsecurite.com\/wp-content\/uploads\/2025\/10\/map-2048x1121.jpg 2048w, https:\/\/sbibsecurite.com\/wp-content\/uploads\/2025\/10\/map-1200x657.jpg 1200w, https:\/\/sbibsecurite.com\/wp-content\/uploads\/2025\/10\/map-1980x1084.jpg 1980w\" sizes=\"auto, (max-width: 1024px) 100vw, 1024px\" \/><\/figure>\n\n\n\n<a href=\"https:\/\/maps.google.com\/?q=SBIB+Security,+Conakry,+Guinea\" target=\"_blank\">\n  \ud83d\udccd Trouver SBIB Security sur Google Maps\n<\/a>\n\n\n\n<figure class=\"wp-block-image size-large\"><img loading=\"lazy\" decoding=\"async\" width=\"1024\" height=\"379\" src=\"https:\/\/sbibsecurite.com\/wp-content\/uploads\/2025\/10\/merci-1-1024x379.jpg\" alt=\"\" class=\"wp-image-599\" srcset=\"https:\/\/sbibsecurite.com\/wp-content\/uploads\/2025\/10\/merci-1-1024x379.jpg 1024w, https:\/\/sbibsecurite.com\/wp-content\/uploads\/2025\/10\/merci-1-300x111.jpg 300w, https:\/\/sbibsecurite.com\/wp-content\/uploads\/2025\/10\/merci-1-768x284.jpg 768w, https:\/\/sbibsecurite.com\/wp-content\/uploads\/2025\/10\/merci-1-1536x569.jpg 1536w, https:\/\/sbibsecurite.com\/wp-content\/uploads\/2025\/10\/merci-1-1200x444.jpg 1200w, https:\/\/sbibsecurite.com\/wp-content\/uploads\/2025\/10\/merci-1.jpg 1888w\" sizes=\"auto, (max-width: 1024px) 100vw, 1024px\" \/><\/figure>\n","protected":false},"excerpt":{"rendered":"<p>CONTACTEZ-NOUS Adresse : Nongo, Commune de Ratoma, Conakry Republique T\u00e9l : +224 627 04 23 04 Email : sbibcontacts@gmail.com contacts@sbibsecurite.com Nos solutions s\u2019adaptent \u00e0 vos besoins sp\u00e9cifiques, qu\u2019il s\u2019agisse de surveillance, de contr\u00f4le d\u2019acc\u00e8s ou de protection rapproch\u00e9e. Avec SBIB, vous b\u00e9n\u00e9ficiez d\u2019un service rigoureux, discret et orient\u00e9 r\u00e9sultats. L\u2019EXCELLENCE OP\u00c9RATIONNELLE AU SERVICE DE VOTRE [&hellip;]<\/p>\n","protected":false},"author":1,"featured_media":0,"parent":0,"menu_order":0,"comment_status":"closed","ping_status":"closed","template":"","meta":{"footnotes":""},"class_list":["post-17","page","type-page","status-publish","hentry"],"_links":{"self":[{"href":"https:\/\/sbibsecurite.com\/index.php\/wp-json\/wp\/v2\/pages\/17","targetHints":{"allow":["GET"]}}],"collection":[{"href":"https:\/\/sbibsecurite.com\/index.php\/wp-json\/wp\/v2\/pages"}],"about":[{"href":"https:\/\/sbibsecurite.com\/index.php\/wp-json\/wp\/v2\/types\/page"}],"author":[{"embeddable":true,"href":"https:\/\/sbibsecurite.com\/index.php\/wp-json\/wp\/v2\/users\/1"}],"replies":[{"embeddable":true,"href":"https:\/\/sbibsecurite.com\/index.php\/wp-json\/wp\/v2\/comments?post=17"}],"version-history":[{"count":46,"href":"https:\/\/sbibsecurite.com\/index.php\/wp-json\/wp\/v2\/pages\/17\/revisions"}],"predecessor-version":[{"id":624,"href":"https:\/\/sbibsecurite.com\/index.php\/wp-json\/wp\/v2\/pages\/17\/revisions\/624"}],"wp:attachment":[{"href":"https:\/\/sbibsecurite.com\/index.php\/wp-json\/wp\/v2\/media?parent=17"}],"curies":[{"name":"wp","href":"https:\/\/api.w.org\/{rel}","templated":true}]}}