{"id":148,"date":"2023-10-03T15:29:25","date_gmt":"2023-10-03T15:29:25","guid":{"rendered":"https:\/\/sbibsecurite.com\/?page_id=148"},"modified":"2026-03-04T13:09:51","modified_gmt":"2026-03-04T13:09:51","slug":"nos-services","status":"publish","type":"page","link":"https:\/\/sbibsecurite.com\/index.php\/nos-services\/","title":{"rendered":"Services"},"content":{"rendered":"\n<h2 class=\"wp-block-heading has-text-align-center has-primary-color has-text-color\" style=\"font-size:20px;font-style:normal;font-weight:500\">Des services adapt\u00e9s \u00e0 vos besoins.<\/h2>\n\n\n\n<figure class=\"wp-block-image size-large\"><img loading=\"lazy\" decoding=\"async\" width=\"1024\" height=\"460\" src=\"https:\/\/sbibsecurite.com\/wp-content\/uploads\/2025\/10\/WhatsApp-Image-2024-06-22-at-19.04.12_8cda7f80-1-1024x460.jpg\" alt=\"\" class=\"wp-image-602\" srcset=\"https:\/\/sbibsecurite.com\/wp-content\/uploads\/2025\/10\/WhatsApp-Image-2024-06-22-at-19.04.12_8cda7f80-1-1024x460.jpg 1024w, https:\/\/sbibsecurite.com\/wp-content\/uploads\/2025\/10\/WhatsApp-Image-2024-06-22-at-19.04.12_8cda7f80-1-300x135.jpg 300w, https:\/\/sbibsecurite.com\/wp-content\/uploads\/2025\/10\/WhatsApp-Image-2024-06-22-at-19.04.12_8cda7f80-1-768x345.jpg 768w, https:\/\/sbibsecurite.com\/wp-content\/uploads\/2025\/10\/WhatsApp-Image-2024-06-22-at-19.04.12_8cda7f80-1.jpg 1080w\" sizes=\"auto, (max-width: 1024px) 100vw, 1024px\" \/><\/figure>\n\n\n\n<h2 class=\"wp-block-heading has-text-align-center has-text-color has-medium-font-size\" style=\"color:#0f2b46\"><strong>S.B.I.B Tracking<\/strong><\/h2>\n\n\n\n<h2 class=\"wp-block-heading has-text-align-center has-primary-color has-text-color has-normal-font-size\" style=\"font-style:normal;font-weight:300\">GPS Tracking, Video Surveillance.<\/h2>\n\n\n\n<h2 class=\"wp-block-heading has-text-align-center has-text-color has-medium-font-size\" style=\"color:#0f2b46\"><strong>S.B.I.B Formation<\/strong><\/h2>\n\n\n\n<h2 class=\"wp-block-heading has-text-align-center has-primary-color has-text-color has-normal-font-size\" style=\"font-style:normal;font-weight:300\">HSE, Formations Certificatives, S\u00e9curit\u00e9, Logistique, Protection Rapproch\u00e9e.<\/h2>\n\n\n\n<h2 class=\"wp-block-heading has-text-align-center has-text-color has-medium-font-size\" style=\"color:#0f2b46\"><strong>S.B.I.B Securit<\/strong>\u00e9<\/h2>\n\n\n\n<h2 class=\"wp-block-heading has-text-align-center has-primary-color has-text-color has-normal-font-size\" style=\"font-style:normal;font-weight:300\">Activit\u00e9 principale depuis sa cr\u00e9ation, nous axons l\u2019ensemble sur des prestations de tr\u00e8s hautes qualit\u00e9s.<\/h2>\n\n\n\n<h2 class=\"wp-block-heading has-text-align-center has-text-color has-medium-font-size\" style=\"color:#0f2b46\"><strong>S.B.I.B Convois de Fonds <\/strong><\/h2>\n\n\n\n<h2 class=\"wp-block-heading has-text-align-center has-primary-color has-text-color has-normal-font-size\" style=\"font-style:normal;font-weight:300\">Acheminement rapide et s\u00e9curis\u00e9 de marchandises, documents, fonds ou toutes valeurs.<\/h2>\n\n\n\n<h2 class=\"wp-block-heading has-text-align-center has-text-color has-medium-font-size\" style=\"color:#0f2b46\"><strong>S.B.I.B VIP<\/strong><\/h2>\n\n\n\n<h2 class=\"wp-block-heading has-text-align-center has-primary-color has-text-color has-normal-font-size\" style=\"font-style:normal;font-weight:300\">&nbsp;D\u00e9placement rapide et s\u00e9curis\u00e9 de personnalit\u00e9s.<\/h2>\n\n\n\n<h2 class=\"wp-block-heading has-text-align-center has-text-color has-medium-font-size\" style=\"color:#0f2b46\"><strong>S.B.I.B Investigation<\/strong><\/h2>\n\n\n\n<h2 class=\"wp-block-heading has-text-align-center has-primary-color has-text-color has-normal-font-size\" style=\"font-style:normal;font-weight:300\">Investigation, Protection Intelligence Industrielle, Accompagnement, Conseil, Filature.<\/h2>\n\n\n\n<h2 class=\"wp-block-heading has-text-align-center has-text-color has-link-color has-normal-font-size wp-elements-09d4f6c8ee220235a24ea8f1c7713cdb\" style=\"color:#0f2b46\"><strong>La vigilance n\u2019est pas une option. C\u2019est notre m\u00e9tier<\/strong><\/h2>\n\n\n\n<style>\n\/* ===== VERSION MOBILE FIRST ===== *\/\n\n.calculateur-wrapper{\n    max-width:900px;\n    margin:auto;\n    padding:15px;\n    font-family:Arial, sans-serif;\n}\n\n.calculateur-ligne{\n    background:#f5f5f5;\n    padding:15px;\n    border-radius:10px;\n    margin-bottom:15px;\n}\n\n.calculateur-ligne select,\n.calculateur-ligne input{\n    width:100%;\n    padding:10px;\n    margin-top:5px;\n    margin-bottom:10px;\n    font-size:16px;\n}\n\n.prix-label{\n    font-size:14px;\n    color:#666;\n}\n\n.sous-total{\n    font-weight:bold;\n    font-size:18px;\n    margin-top:10px;\n}\n\n.btn-ajouter{\n    background:#e11d48;\n    color:white;\n    padding:12px;\n    border:none;\n    width:100%;\n    font-size:16px;\n    border-radius:8px;\n    cursor:pointer;\n}\n\n.total-box{\n    text-align:center;\n    font-size:22px;\n    font-weight:bold;\n    margin-top:20px;\n}\n\n\/* ===== VERSION DESKTOP ===== *\/\n@media(min-width:768px){\n    .calculateur-ligne{\n        display:grid;\n        grid-template-columns:2fr 1fr 1fr 1fr auto;\n        align-items:center;\n        gap:10px;\n    }\n\n    .calculateur-ligne select,\n    .calculateur-ligne input{\n        margin:0;\n    }\n\n    .sous-total{\n        margin:0;\n    }\n\n    .btn-ajouter{\n        width:auto;\n    }\n}\n<\/style>\n\n\n<div class=\"calculateur-wrapper\">\n    <h2>Calculateur de Prix \u2013 Service de S\u00e9curit\u00e9<\/h2>\n\n    <div id=\"lignes\"><\/div>\n\n    <button class=\"btn-ajouter\" onclick=\"ajouterLigne()\">\n        + AJOUTER UN POSTE\n    <\/button>\n\n    <div class=\"total-box\">\n        TOTAL : <span id=\"totalGeneral\">0<\/span> GNF\n    <\/div>\n<\/div>\n\n<script>\nconst tarifs = {\n    \"Agent - Jour (Standard)\": 2000000,\n    \"Agent - Nuit (Standard)\": 2000000,\n    \"Agent - Jour (Premium)\": 2500000,\n    \"Agent - Nuit (Premium)\": 2500000,\n    \"Superviseur\": 3000000\n};\n\nfunction ajouterLigne() {\n    const container = document.getElementById(\"lignes\");\n\n    const div = document.createElement(\"div\");\n    div.className = \"calculateur-ligne\";\n\n    let options = \"\";\n    for (let role in tarifs) {\n        options += `<option value=\"${tarifs[role]}\">${role}<\/option>`;\n    }\n\n    div.innerHTML = `\n        <div>\n            <label>Poste<\/label>\n            <select onchange=\"mettreAJourSousTotal(this)\">\n                ${options}\n            <\/select>\n        <\/div>\n\n        <div>\n            <label>Quantit\u00e9<\/label>\n            <input type=\"number\" value=\"1\" min=\"1\" onchange=\"mettreAJourSousTotal(this)\">\n        <\/div>\n\n        <div class=\"prix-label\">\n            Prix unitaire : <span class=\"prix\">0<\/span> GNF\n        <\/div>\n\n        <div class=\"sous-total\">\n            Sous-total : <span class=\"sub\">0<\/span> GNF\n        <\/div>\n\n        <div>\n            <button onclick=\"supprimerLigne(this)\">\u2715<\/button>\n        <\/div>\n    `;\n\n    container.appendChild(div);\n    mettreAJourSousTotal(div.querySelector(\"select\"));\n}\n\nfunction mettreAJourSousTotal(element){\n    const ligne = element.closest(\".calculateur-ligne\");\n    const select = ligne.querySelector(\"select\");\n    const quantite = ligne.querySelector(\"input\").value;\n    const prix = select.value;\n\n    ligne.querySelector(\".prix\").innerHTML = Number(prix).toLocaleString('fr-FR');\n    ligne.querySelector(\".sub\").innerHTML =\n        (prix * quantite).toLocaleString('fr-FR');\n\n    calculerTotal();\n}\n\nfunction calculerTotal(){\n    let total = 0;\n    document.querySelectorAll(\".sub\").forEach(function(el){\n        total += Number(el.innerHTML.replace(\/\\s\/g,'').replace(\/,\/g,''));\n    });\n\n    document.getElementById(\"totalGeneral\").innerHTML =\n        total.toLocaleString('fr-FR');\n}\n\nfunction supprimerLigne(btn){\n    btn.closest(\".calculateur-ligne\").remove();\n    calculerTotal();\n}\n\najouterLigne();\n<\/script>\n\n\n\n<figure class=\"wp-block-image size-large\"><img loading=\"lazy\" decoding=\"async\" width=\"1024\" height=\"449\" src=\"https:\/\/sbibsecurite.com\/wp-content\/uploads\/2025\/10\/IMG-20230513-WA0020-1024x449.jpg\" alt=\"\" class=\"wp-image-617\" srcset=\"https:\/\/sbibsecurite.com\/wp-content\/uploads\/2025\/10\/IMG-20230513-WA0020-1024x449.jpg 1024w, https:\/\/sbibsecurite.com\/wp-content\/uploads\/2025\/10\/IMG-20230513-WA0020-300x132.jpg 300w, https:\/\/sbibsecurite.com\/wp-content\/uploads\/2025\/10\/IMG-20230513-WA0020-768x337.jpg 768w, https:\/\/sbibsecurite.com\/wp-content\/uploads\/2025\/10\/IMG-20230513-WA0020.jpg 1080w\" sizes=\"auto, (max-width: 1024px) 100vw, 1024px\" \/><\/figure>\n\n\n\n<h2 class=\"wp-block-heading has-text-align-center has-text-color has-link-color has-normal-font-size wp-elements-8a2a65aa24a06dff0c75aaaff44d20a9\" style=\"color:#0f2b46\">Nos Valeurs<\/h2>\n\n\n\n<h2 class=\"wp-block-heading has-text-align-center has-primary-color has-text-color has-link-color has-normal-font-size wp-elements-abfdda732bce4179c6c90284bf7785d1\" style=\"font-style:normal;font-weight:300\">Chaque intervention, chaque agent, chaque d\u00e9cision porte les valeurs qui nous distinguent : rigueur, loyaut\u00e9, r\u00e9activit\u00e9 et respect.<\/h2>\n\n\n\n<h2 class=\"wp-block-heading has-normal-font-size\" style=\"font-style:normal;font-weight:300\">Recrutement rigoureux : profils fiables, disciplin\u00e9s, aptes \u00e0 g\u00e9rer les situations sensibles<\/h2>\n\n\n<div class='yrm-content yrm-content-1 yrm-content-hide  ' id='yrm-Tg04B' data-id='1' data-show-status='false' data-after-action='' style=\"visibility: hidden;height: 0;\">\n\t\t\t<div id='yrm-inner-content-yrm-Tg04B' class='yrm-inner-content-wrapper yrm-cntent-1'><br \/>\nFormation continue : Nos agents b\u00e9n\u00e9ficient d\u2019un perfectionnement r\u00e9gulier en s\u00fbret\u00e9, premiers secours, gestion de conflit et \u00e9thique professionnelle, garantissant une ma\u00eetrise op\u00e9rationnelle constante.<\/p>\n<p>Encadrement structur\u00e9 : Chaque mission est supervis\u00e9e par des responsables exp\u00e9riment\u00e9s, appuy\u00e9s par un syst\u00e8me de reporting quotidien et des audits qualit\u00e9 assurant transparence et performance.<\/p>\n<p>Technologie embarqu\u00e9e : Radios s\u00e9curis\u00e9es, GPS, logiciels de suivi et badges intelligents renforcent notre r\u00e9activit\u00e9, notre tra\u00e7abilit\u00e9 et notre efficacit\u00e9 sur le terrain.<\/p>\n<p>R\u00e9activit\u00e9 24h\/24 \u2013 7j\/7.<br \/>\n<\/div>\n\t\t<\/div><div class='yrm-btn-wrapper yrm-inline-wrapper yrm-btn-wrapper-1  yrm-more-button-wrapper '><span title='' data-less-title='' data-more-title=''  class='yrm-toggle-expand  yrm-toggle-expand-1' data-rel='yrm-Tg04B' data-more='Read more' data-less='Less more' style='border: none; width: 100%;'><span class=\"yrm-button-text-1 yrm-button-text-span\">Read more<\/span><\/span><\/div>\n\n\n\n<h2 class=\"wp-block-heading has-normal-font-size\" style=\"font-style:normal;font-weight:300\"><\/h2>\n","protected":false},"excerpt":{"rendered":"<p>Des services adapt\u00e9s \u00e0 vos besoins. S.B.I.B Tracking GPS Tracking, Video Surveillance. S.B.I.B Formation HSE, Formations Certificatives, S\u00e9curit\u00e9, Logistique, Protection Rapproch\u00e9e. S.B.I.B Securit\u00e9 Activit\u00e9 principale depuis sa cr\u00e9ation, nous axons l\u2019ensemble sur des prestations de tr\u00e8s hautes qualit\u00e9s. S.B.I.B Convois de Fonds Acheminement rapide et s\u00e9curis\u00e9 de marchandises, documents, fonds ou toutes valeurs. S.B.I.B VIP [&hellip;]<\/p>\n","protected":false},"author":1,"featured_media":0,"parent":0,"menu_order":0,"comment_status":"closed","ping_status":"closed","template":"","meta":{"footnotes":""},"class_list":["post-148","page","type-page","status-publish","hentry"],"_links":{"self":[{"href":"https:\/\/sbibsecurite.com\/index.php\/wp-json\/wp\/v2\/pages\/148","targetHints":{"allow":["GET"]}}],"collection":[{"href":"https:\/\/sbibsecurite.com\/index.php\/wp-json\/wp\/v2\/pages"}],"about":[{"href":"https:\/\/sbibsecurite.com\/index.php\/wp-json\/wp\/v2\/types\/page"}],"author":[{"embeddable":true,"href":"https:\/\/sbibsecurite.com\/index.php\/wp-json\/wp\/v2\/users\/1"}],"replies":[{"embeddable":true,"href":"https:\/\/sbibsecurite.com\/index.php\/wp-json\/wp\/v2\/comments?post=148"}],"version-history":[{"count":55,"href":"https:\/\/sbibsecurite.com\/index.php\/wp-json\/wp\/v2\/pages\/148\/revisions"}],"predecessor-version":[{"id":730,"href":"https:\/\/sbibsecurite.com\/index.php\/wp-json\/wp\/v2\/pages\/148\/revisions\/730"}],"wp:attachment":[{"href":"https:\/\/sbibsecurite.com\/index.php\/wp-json\/wp\/v2\/media?parent=148"}],"curies":[{"name":"wp","href":"https:\/\/api.w.org\/{rel}","templated":true}]}}