{"id":136,"date":"2023-10-03T15:15:22","date_gmt":"2023-10-03T15:15:22","guid":{"rendered":"https:\/\/sbibsecurite.com\/?page_id=136"},"modified":"2026-03-04T13:12:24","modified_gmt":"2026-03-04T13:12:24","slug":"nos-implantations","status":"publish","type":"page","link":"https:\/\/sbibsecurite.com\/index.php\/nos-implantations\/","title":{"rendered":"Implantations"},"content":{"rendered":"\n<h2 class=\"wp-block-heading has-text-align-center has-text-color has-link-color has-normal-font-size wp-elements-98d7db3843ab5294d379c1e99799d1e0\" style=\"color:#212d50\">DOMAINES D\u2019INTERVENTION<\/h2>\n\n\n\n<h2 class=\"wp-block-heading has-text-align-center has-secondary-color has-text-color has-link-color has-normal-font-size wp-elements-57c803701e525cfa2fc8e98c3ae5fd5f\">Sites industriels et Miniers , Institutions publiques, Ambassades Banques et \u00e9tablissements financiers H\u00f4tels, R\u00e9sidences, Centres commerciaux, ONG, Agences internationales, projets sensibles<\/h2>\n\n\n<div class=\"wp-block-image\">\n<figure class=\"aligncenter size-full\"><img loading=\"lazy\" decoding=\"async\" width=\"556\" height=\"611\" src=\"https:\/\/sbibsecurite.com\/wp-content\/uploads\/2026\/03\/logo_new.png\" alt=\"\" class=\"wp-image-677\" srcset=\"https:\/\/sbibsecurite.com\/wp-content\/uploads\/2026\/03\/logo_new.png 556w, https:\/\/sbibsecurite.com\/wp-content\/uploads\/2026\/03\/logo_new-273x300.png 273w\" sizes=\"auto, (max-width: 556px) 100vw, 556px\" \/><\/figure>\n<\/div>\n\n\n<figure class=\"wp-block-image size-full\"><img loading=\"lazy\" decoding=\"async\" width=\"960\" height=\"464\" src=\"https:\/\/sbibsecurite.com\/wp-content\/uploads\/2025\/10\/291874533_778533356853467_6564994033648734503_n-1.jpg\" alt=\"\" class=\"wp-image-564\" srcset=\"https:\/\/sbibsecurite.com\/wp-content\/uploads\/2025\/10\/291874533_778533356853467_6564994033648734503_n-1.jpg 960w, https:\/\/sbibsecurite.com\/wp-content\/uploads\/2025\/10\/291874533_778533356853467_6564994033648734503_n-1-300x145.jpg 300w, https:\/\/sbibsecurite.com\/wp-content\/uploads\/2025\/10\/291874533_778533356853467_6564994033648734503_n-1-768x371.jpg 768w\" sizes=\"auto, (max-width: 960px) 100vw, 960px\" \/><\/figure>\n\n\n\n<h2 class=\"wp-block-heading has-text-align-center has-text-color has-link-color has-normal-font-size wp-elements-e3e6852195e7150c8b86256fe52921f2\" style=\"color:#28275c\"><strong>Nous faire confiance ? Ils l\u2019ont fait !<\/strong><\/h2>\n\n\n\n<figure class=\"wp-block-image size-large\"><img loading=\"lazy\" decoding=\"async\" width=\"1024\" height=\"745\" src=\"https:\/\/sbibsecurite.com\/wp-content\/uploads\/2025\/10\/companies-1024x745.jpg\" alt=\"\" class=\"wp-image-566\" srcset=\"https:\/\/sbibsecurite.com\/wp-content\/uploads\/2025\/10\/companies-1024x745.jpg 1024w, https:\/\/sbibsecurite.com\/wp-content\/uploads\/2025\/10\/companies-300x218.jpg 300w, https:\/\/sbibsecurite.com\/wp-content\/uploads\/2025\/10\/companies-768x559.jpg 768w, https:\/\/sbibsecurite.com\/wp-content\/uploads\/2025\/10\/companies-1536x1117.jpg 1536w, https:\/\/sbibsecurite.com\/wp-content\/uploads\/2025\/10\/companies-2048x1489.jpg 2048w, https:\/\/sbibsecurite.com\/wp-content\/uploads\/2025\/10\/companies-1200x873.jpg 1200w, https:\/\/sbibsecurite.com\/wp-content\/uploads\/2025\/10\/companies-1980x1440.jpg 1980w\" sizes=\"auto, (max-width: 1024px) 100vw, 1024px\" \/><\/figure>\n","protected":false},"excerpt":{"rendered":"<p>DOMAINES D\u2019INTERVENTION Sites industriels et Miniers , Institutions publiques, Ambassades Banques et \u00e9tablissements financiers H\u00f4tels, R\u00e9sidences, Centres commerciaux, ONG, Agences internationales, projets sensibles Nous faire confiance ? Ils l\u2019ont fait !<\/p>\n","protected":false},"author":1,"featured_media":0,"parent":0,"menu_order":0,"comment_status":"closed","ping_status":"closed","template":"","meta":{"footnotes":""},"class_list":["post-136","page","type-page","status-publish","hentry"],"_links":{"self":[{"href":"https:\/\/sbibsecurite.com\/index.php\/wp-json\/wp\/v2\/pages\/136","targetHints":{"allow":["GET"]}}],"collection":[{"href":"https:\/\/sbibsecurite.com\/index.php\/wp-json\/wp\/v2\/pages"}],"about":[{"href":"https:\/\/sbibsecurite.com\/index.php\/wp-json\/wp\/v2\/types\/page"}],"author":[{"embeddable":true,"href":"https:\/\/sbibsecurite.com\/index.php\/wp-json\/wp\/v2\/users\/1"}],"replies":[{"embeddable":true,"href":"https:\/\/sbibsecurite.com\/index.php\/wp-json\/wp\/v2\/comments?post=136"}],"version-history":[{"count":20,"href":"https:\/\/sbibsecurite.com\/index.php\/wp-json\/wp\/v2\/pages\/136\/revisions"}],"predecessor-version":[{"id":732,"href":"https:\/\/sbibsecurite.com\/index.php\/wp-json\/wp\/v2\/pages\/136\/revisions\/732"}],"wp:attachment":[{"href":"https:\/\/sbibsecurite.com\/index.php\/wp-json\/wp\/v2\/media?parent=136"}],"curies":[{"name":"wp","href":"https:\/\/api.w.org\/{rel}","templated":true}]}}